{"id":22,"date":"2019-12-30T20:01:51","date_gmt":"2019-12-30T19:01:51","guid":{"rendered":"https:\/\/bn-sportfoto.de\/briefmarken\/?page_id=22"},"modified":"2019-12-30T20:01:51","modified_gmt":"2019-12-30T19:01:51","slug":"kontakt","status":"publish","type":"page","link":"https:\/\/bn-sportfoto.de\/briefmarken\/kontakt\/","title":{"rendered":"Kontakt"},"content":{"rendered":"\n<p>Unsere regelm\u00e4\u00dfigen Tauschtreffen im <a href=\"https:\/\/bn-sportfoto.de\/briefmarken\/treffpunkt\/\">DGB-Haus der Jugend  (Gabelsbergerstra\u00dfe 12, 45879 Gelsenkirchen)<\/a> finden jeweils am 2. Sonntag sowie am 3. Montag im Monat statt. In Monaten mit Schulferien kann es zu Abweichungen von diesem Rhythmus kommen. <a href=\"https:\/\/bn-sportfoto.de\/briefmarken\/termine\/\">Alle Termine des Vereins gibt es hier!<\/a><\/p>\n\n\n\n<p><strong>Kontaktadressen<\/strong><\/p>\n\n\n\n<p><strong>Vorsitzender:<\/strong><br>Friedrich Braun<br>Scharpwinkelring 134<br>44653 Herne<br>Telefon: 0 23 25 \/ 7 79 62<\/p>\n\n\n\n<p><strong>2. Vorsitzender:<\/strong><br>Benjamin Neumann<\/p>\n\n\n\n<p><strong>Kassierer:<\/strong><br>Matthias Leisner\/ J\u00f6rg Borowski<\/p>\n\n\n\n<p><strong>Vereinsnummer 830, Amtsgericht Gelsenkirchen <\/strong><\/p>\n\n\n\n<p>Wenn Sie irgendwelche Fragen zum Briefmarken sammeln oder zu unserem  Verein haben sollten besuchen Sie uns an einem unserer Tauschabende! <\/p>\n","protected":false},"excerpt":{"rendered":"<p>Unsere regelm\u00e4\u00dfigen Tauschtreffen im DGB-Haus der Jugend (Gabelsbergerstra\u00dfe 12, 45879 Gelsenkirchen) finden jeweils am 2. Sonntag sowie am 3. Montag<\/p>\n","protected":false},"author":1,"featured_media":0,"parent":0,"menu_order":0,"comment_status":"closed","ping_status":"closed","template":"page-templates\/contact.php","meta":{"footnotes":""},"class_list":["post-22","page","type-page","status-publish","hentry"],"_links":{"self":[{"href":"https:\/\/bn-sportfoto.de\/briefmarken\/wp-json\/wp\/v2\/pages\/22","targetHints":{"allow":["GET"]}}],"collection":[{"href":"https:\/\/bn-sportfoto.de\/briefmarken\/wp-json\/wp\/v2\/pages"}],"about":[{"href":"https:\/\/bn-sportfoto.de\/briefmarken\/wp-json\/wp\/v2\/types\/page"}],"author":[{"embeddable":true,"href":"https:\/\/bn-sportfoto.de\/briefmarken\/wp-json\/wp\/v2\/users\/1"}],"replies":[{"embeddable":true,"href":"https:\/\/bn-sportfoto.de\/briefmarken\/wp-json\/wp\/v2\/comments?post=22"}],"version-history":[{"count":0,"href":"https:\/\/bn-sportfoto.de\/briefmarken\/wp-json\/wp\/v2\/pages\/22\/revisions"}],"wp:attachment":[{"href":"https:\/\/bn-sportfoto.de\/briefmarken\/wp-json\/wp\/v2\/media?parent=22"}],"curies":[{"name":"wp","href":"https:\/\/api.w.org\/{rel}","templated":true}]}}