{"id":198,"date":"2020-02-04T08:40:29","date_gmt":"2020-02-04T07:40:29","guid":{"rendered":"https:\/\/bn-sportfoto.de\/briefmarken\/?page_id=198"},"modified":"2026-02-13T20:18:26","modified_gmt":"2026-02-13T19:18:26","slug":"stadtpost-gelsenkirchen","status":"publish","type":"page","link":"https:\/\/bn-sportfoto.de\/briefmarken\/gelsenkirchener-postgeschichte\/stadtpost-gelsenkirchen\/","title":{"rendered":"Stadtpost Gelsenkirchen"},"content":{"rendered":"\n<p>Privatposten hat es immer schon gegeben. Sie sind \u00e4lter als die amtlichen Postanstalten, welche sich die Herrscher dieser Welt sp\u00e4ter vorbehielten. In der Provinz Westfalen waren nach dem alten k\u00f6niglich-preu\u00dfischen Postrecht neben der K\u00f6niglichen Post nur sieben Privat-Post-Unternehmen zugelassen. Diese Zahl ist in Anbetracht der wirtschaftlichen und industriellen Bedeutung dieses Landes sehr gering. Private Postanstalten gab es in folgenden Orten:  Bielefeld, Bochum, Dortmund, Gelsenkirchen, Hagen in W., M\u00fcnster und Schwerte.<\/p>\n\n\n\n<p>Gelsenkirchen, mit damals 31.582 Einwohnern, bekam am 26. Juli 1897 eine Privat-Postanstalt. Das ist aus alten Akten der Deutschen Reichspost, aber auch aus alten Zeitungen ersichtlich. In einer Gelsenkirchener Zeitung stand folgende Anzeige:<\/p>\n\n\n<div class=\"wp-block-image\">\n<figure class=\"aligncenter size-large is-resized\"><img loading=\"lazy\" decoding=\"async\" width=\"1024\" height=\"966\" src=\"https:\/\/bn-sportfoto.de\/briefmarken\/wp-content\/uploads\/2020\/02\/Stadtpost_Emscher-Zeitung2-1-1024x966.jpg\" alt=\"\" class=\"wp-image-199\" style=\"width:512px;height:483px\" srcset=\"https:\/\/bn-sportfoto.de\/briefmarken\/wp-content\/uploads\/2020\/02\/Stadtpost_Emscher-Zeitung2-1-1024x966.jpg 1024w, https:\/\/bn-sportfoto.de\/briefmarken\/wp-content\/uploads\/2020\/02\/Stadtpost_Emscher-Zeitung2-1-300x283.jpg 300w, https:\/\/bn-sportfoto.de\/briefmarken\/wp-content\/uploads\/2020\/02\/Stadtpost_Emscher-Zeitung2-1-768x724.jpg 768w, https:\/\/bn-sportfoto.de\/briefmarken\/wp-content\/uploads\/2020\/02\/Stadtpost_Emscher-Zeitung2-1-1536x1449.jpg 1536w, https:\/\/bn-sportfoto.de\/briefmarken\/wp-content\/uploads\/2020\/02\/Stadtpost_Emscher-Zeitung2-1-2048x1932.jpg 2048w\" sizes=\"auto, (max-width: 1024px) 100vw, 1024px\" \/><\/figure>\n<\/div>\n\n\n<figure class=\"wp-block-image size-large\"><img loading=\"lazy\" decoding=\"async\" width=\"1024\" height=\"668\" src=\"https:\/\/bn-sportfoto.de\/briefmarken\/wp-content\/uploads\/2020\/03\/Stadtpost_Karte_gelaufen-1-1024x668.jpg\" alt=\"\" class=\"wp-image-249\" srcset=\"https:\/\/bn-sportfoto.de\/briefmarken\/wp-content\/uploads\/2020\/03\/Stadtpost_Karte_gelaufen-1-1024x668.jpg 1024w, https:\/\/bn-sportfoto.de\/briefmarken\/wp-content\/uploads\/2020\/03\/Stadtpost_Karte_gelaufen-1-300x196.jpg 300w, https:\/\/bn-sportfoto.de\/briefmarken\/wp-content\/uploads\/2020\/03\/Stadtpost_Karte_gelaufen-1-768x501.jpg 768w, https:\/\/bn-sportfoto.de\/briefmarken\/wp-content\/uploads\/2020\/03\/Stadtpost_Karte_gelaufen-1.jpg 1200w\" sizes=\"auto, (max-width: 1024px) 100vw, 1024px\" \/><figcaption class=\"wp-element-caption\">Gelaufene 2 Pfennig Ganzsachenpostkarte vom zweiten Tag der Er\u00f6ffnung am 27. Juli 1897 (2-3 N).<\/figcaption><\/figure>\n\n\n\n<p>Inhaber dieser \u201ePrivat-Brief-Bef\u00f6rderungs-Anstalt-Gelsenkirchen\u201c waren der Schreiner Daniel Glaubnitz und der Tagel\u00f6hner Christoph Sentinus (fr\u00fcher Handelsmann), beide wohnhaft in Essen. Der Betrieb muss wohl v\u00f6llig unwirtschaftlich gewesen sein, denn nach einigen Monaten wurde der Privatpostbetrieb verkauft.<\/p>\n\n\n\n<figure class=\"wp-block-image size-large is-resized\"><img loading=\"lazy\" decoding=\"async\" width=\"1024\" height=\"195\" src=\"https:\/\/bn-sportfoto.de\/briefmarken\/wp-content\/uploads\/2020\/03\/Stadtpost_Stempel-1-1024x195.jpg\" alt=\"\" class=\"wp-image-223\" style=\"width:768px;height:146px\" srcset=\"https:\/\/bn-sportfoto.de\/briefmarken\/wp-content\/uploads\/2020\/03\/Stadtpost_Stempel-1-1024x195.jpg 1024w, https:\/\/bn-sportfoto.de\/briefmarken\/wp-content\/uploads\/2020\/03\/Stadtpost_Stempel-1-300x57.jpg 300w, https:\/\/bn-sportfoto.de\/briefmarken\/wp-content\/uploads\/2020\/03\/Stadtpost_Stempel-1-768x146.jpg 768w, https:\/\/bn-sportfoto.de\/briefmarken\/wp-content\/uploads\/2020\/03\/Stadtpost_Stempel-1-1536x292.jpg 1536w, https:\/\/bn-sportfoto.de\/briefmarken\/wp-content\/uploads\/2020\/03\/Stadtpost_Stempel-1-2048x390.jpg 2048w\" sizes=\"auto, (max-width: 1024px) 100vw, 1024px\" \/><figcaption class=\"wp-element-caption\"> Stempel der Privat-Brief-Bef\u00f6rderungsanstalt Gelsenkirchen. <\/figcaption><\/figure>\n\n\n<div class=\"wp-block-image\">\n<figure class=\"aligncenter size-large is-resized\"><img loading=\"lazy\" decoding=\"async\" width=\"1024\" height=\"1019\" src=\"https:\/\/bn-sportfoto.de\/briefmarken\/wp-content\/uploads\/2020\/03\/Stadtpost_Stempel2-1-1024x1019.jpg\" alt=\"\" class=\"wp-image-225\" style=\"width:256px;height:255px\" srcset=\"https:\/\/bn-sportfoto.de\/briefmarken\/wp-content\/uploads\/2020\/03\/Stadtpost_Stempel2-1-1024x1019.jpg 1024w, https:\/\/bn-sportfoto.de\/briefmarken\/wp-content\/uploads\/2020\/03\/Stadtpost_Stempel2-1-300x300.jpg 300w, https:\/\/bn-sportfoto.de\/briefmarken\/wp-content\/uploads\/2020\/03\/Stadtpost_Stempel2-1-150x150.jpg 150w, https:\/\/bn-sportfoto.de\/briefmarken\/wp-content\/uploads\/2020\/03\/Stadtpost_Stempel2-1-768x764.jpg 768w, https:\/\/bn-sportfoto.de\/briefmarken\/wp-content\/uploads\/2020\/03\/Stadtpost_Stempel2-1.jpg 1300w\" sizes=\"auto, (max-width: 1024px) 100vw, 1024px\" \/><figcaption class=\"wp-element-caption\">  Entwertungsstempel. Kreisstempel mit B\u00f6gen oben und unten.<br> Text:  Privat-Brief-Bef\u00f6rderung; Datum im Steg.  <\/figcaption><\/figure>\n<\/div>\n\n\n<p>Im November 1897 wechselte die Privatpost ihren Besitzer. Es war Heinrich M\u00f6ller aus \u00dcckendorf, der den gesamten Betrieb, einschlie\u00dflich Briefmarken, \u00fcbernahm und auch weiter benutzte. Da unberechtigter Markenverkauf bestand, sah sich M\u00f6ller zu Kontrollaufdrucken veranlasst. Er lie\u00df im November 1897 alle Briefmarkenkreuzweise mit einem violetten Stempel mit dem Ortsnamen Gelsenkirchen \u00fcberstempeln. Sp\u00e4ter wurden diese Marken nochmals mit verschiedenen Buchstaben gestempelt. M\u00f6ller stellte den Privatpost-Betrieb am 21. Februar 1898 ein.<\/p>\n\n\n\n<p> <strong>Briefmarken der Privat-Brief-Bef\u00f6rderungsanstalt Gelsenkirchen:<\/strong> <\/p>\n\n\n<div class=\"wp-block-image\">\n<figure class=\"aligncenter size-large is-resized\"><img loading=\"lazy\" decoding=\"async\" width=\"1024\" height=\"583\" src=\"https:\/\/bn-sportfoto.de\/briefmarken\/wp-content\/uploads\/2020\/03\/Stadtpost_2_3Pf-1-1024x583.jpg\" alt=\"\" class=\"wp-image-234\" style=\"width:512px;height:292px\" srcset=\"https:\/\/bn-sportfoto.de\/briefmarken\/wp-content\/uploads\/2020\/03\/Stadtpost_2_3Pf-1-1024x583.jpg 1024w, https:\/\/bn-sportfoto.de\/briefmarken\/wp-content\/uploads\/2020\/03\/Stadtpost_2_3Pf-1-300x171.jpg 300w, https:\/\/bn-sportfoto.de\/briefmarken\/wp-content\/uploads\/2020\/03\/Stadtpost_2_3Pf-1-768x437.jpg 768w, https:\/\/bn-sportfoto.de\/briefmarken\/wp-content\/uploads\/2020\/03\/Stadtpost_2_3Pf-1-1536x875.jpg 1536w, https:\/\/bn-sportfoto.de\/briefmarken\/wp-content\/uploads\/2020\/03\/Stadtpost_2_3Pf-1.jpg 1800w\" sizes=\"auto, (max-width: 1024px) 100vw, 1024px\" \/><figcaption class=\"wp-element-caption\">Die Urmarken:  2 Pfg. graulila und  3 Pfg. gelbrot, Marken grob gez\u00e4hnt <\/figcaption><\/figure>\n<\/div>\n\n<div class=\"wp-block-image\">\n<figure class=\"aligncenter size-large is-resized\"><img loading=\"lazy\" decoding=\"async\" width=\"1024\" height=\"587\" src=\"https:\/\/bn-sportfoto.de\/briefmarken\/wp-content\/uploads\/2020\/03\/Stadtpost_2Pf-1-1024x587.jpg\" alt=\"\" class=\"wp-image-228\" style=\"width:512px;height:294px\" srcset=\"https:\/\/bn-sportfoto.de\/briefmarken\/wp-content\/uploads\/2020\/03\/Stadtpost_2Pf-1-1024x587.jpg 1024w, https:\/\/bn-sportfoto.de\/briefmarken\/wp-content\/uploads\/2020\/03\/Stadtpost_2Pf-1-300x172.jpg 300w, https:\/\/bn-sportfoto.de\/briefmarken\/wp-content\/uploads\/2020\/03\/Stadtpost_2Pf-1-768x440.jpg 768w, https:\/\/bn-sportfoto.de\/briefmarken\/wp-content\/uploads\/2020\/03\/Stadtpost_2Pf-1-1536x881.jpg 1536w, https:\/\/bn-sportfoto.de\/briefmarken\/wp-content\/uploads\/2020\/03\/Stadtpost_2Pf-1.jpg 1800w\" sizes=\"auto, (max-width: 1024px) 100vw, 1024px\" \/><figcaption class=\"wp-element-caption\"> 2 Pfg. graulila, Marke grob gez\u00e4hnt <\/figcaption><\/figure>\n<\/div>\n\n<div class=\"wp-block-image\">\n<figure class=\"aligncenter size-large is-resized\"><img loading=\"lazy\" decoding=\"async\" width=\"871\" height=\"1024\" src=\"https:\/\/bn-sportfoto.de\/briefmarken\/wp-content\/uploads\/2020\/03\/Stadtpost_2Pf_Viererblock-1-871x1024.jpg\" alt=\"\" class=\"wp-image-229\" style=\"width:512px;height:602px\" srcset=\"https:\/\/bn-sportfoto.de\/briefmarken\/wp-content\/uploads\/2020\/03\/Stadtpost_2Pf_Viererblock-1-871x1024.jpg 871w, https:\/\/bn-sportfoto.de\/briefmarken\/wp-content\/uploads\/2020\/03\/Stadtpost_2Pf_Viererblock-1-255x300.jpg 255w, https:\/\/bn-sportfoto.de\/briefmarken\/wp-content\/uploads\/2020\/03\/Stadtpost_2Pf_Viererblock-1-768x903.jpg 768w, https:\/\/bn-sportfoto.de\/briefmarken\/wp-content\/uploads\/2020\/03\/Stadtpost_2Pf_Viererblock-1-1306x1536.jpg 1306w, https:\/\/bn-sportfoto.de\/briefmarken\/wp-content\/uploads\/2020\/03\/Stadtpost_2Pf_Viererblock-1-1741x2048.jpg 1741w, https:\/\/bn-sportfoto.de\/briefmarken\/wp-content\/uploads\/2020\/03\/Stadtpost_2Pf_Viererblock-1.jpg 1800w\" sizes=\"auto, (max-width: 871px) 100vw, 871px\" \/><figcaption class=\"wp-element-caption\">Viererblock 2 Pfg. graulila, Marken grob gez\u00e4hnt <\/figcaption><\/figure>\n<\/div>\n\n<div class=\"wp-block-image\">\n<figure class=\"aligncenter size-large is-resized\"><img loading=\"lazy\" decoding=\"async\" width=\"350\" height=\"1024\" src=\"https:\/\/bn-sportfoto.de\/briefmarken\/wp-content\/uploads\/2020\/03\/Stadtpost_2Pf_Rand-1-1-350x1024.jpg\" alt=\"\" class=\"wp-image-237\" style=\"width:263px;height:768px\" srcset=\"https:\/\/bn-sportfoto.de\/briefmarken\/wp-content\/uploads\/2020\/03\/Stadtpost_2Pf_Rand-1-1-350x1024.jpg 350w, https:\/\/bn-sportfoto.de\/briefmarken\/wp-content\/uploads\/2020\/03\/Stadtpost_2Pf_Rand-1-1-103x300.jpg 103w, https:\/\/bn-sportfoto.de\/briefmarken\/wp-content\/uploads\/2020\/03\/Stadtpost_2Pf_Rand-1-1.jpg 616w\" sizes=\"auto, (max-width: 350px) 100vw, 350px\" \/><figcaption class=\"wp-element-caption\">  2 Pfg. graulila im senkrechten Unterrandpaar, im Unterrand ungez\u00e4hnt. <\/figcaption><\/figure>\n<\/div>\n\n<div class=\"wp-block-image\">\n<figure class=\"aligncenter size-large is-resized\"><img loading=\"lazy\" decoding=\"async\" width=\"1024\" height=\"609\" src=\"https:\/\/bn-sportfoto.de\/briefmarken\/wp-content\/uploads\/2020\/03\/Stadtpost_3Pf-1-1024x609.jpg\" alt=\"\" class=\"wp-image-230\" style=\"width:512px;height:305px\" srcset=\"https:\/\/bn-sportfoto.de\/briefmarken\/wp-content\/uploads\/2020\/03\/Stadtpost_3Pf-1-1024x609.jpg 1024w, https:\/\/bn-sportfoto.de\/briefmarken\/wp-content\/uploads\/2020\/03\/Stadtpost_3Pf-1-300x178.jpg 300w, https:\/\/bn-sportfoto.de\/briefmarken\/wp-content\/uploads\/2020\/03\/Stadtpost_3Pf-1-768x457.jpg 768w, https:\/\/bn-sportfoto.de\/briefmarken\/wp-content\/uploads\/2020\/03\/Stadtpost_3Pf-1-1536x913.jpg 1536w, https:\/\/bn-sportfoto.de\/briefmarken\/wp-content\/uploads\/2020\/03\/Stadtpost_3Pf-1.jpg 1800w\" sizes=\"auto, (max-width: 1024px) 100vw, 1024px\" \/><figcaption class=\"wp-element-caption\"> 3 Pfg. gelbrot, Marke grob gez\u00e4hnt <\/figcaption><\/figure>\n<\/div>\n\n<div class=\"wp-block-image\">\n<figure class=\"aligncenter size-large is-resized\"><img decoding=\"async\" src=\"https:\/\/bn-sportfoto.de\/briefmarken\/wp-content\/uploads\/2020\/03\/Stadtpost_3Pf-1_Viererblock-1-880x1024.jpg\" alt=\"\" class=\"wp-image-231\" style=\"width:540px;height:629px\"\/><figcaption class=\"wp-element-caption\"> Viererblock  3 Pfg. gelbrot, Marken grob gez\u00e4hnt  <\/figcaption><\/figure>\n<\/div>\n\n<div class=\"wp-block-image\">\n<figure class=\"aligncenter size-large is-resized\"><img loading=\"lazy\" decoding=\"async\" width=\"462\" height=\"1024\" src=\"https:\/\/bn-sportfoto.de\/briefmarken\/wp-content\/uploads\/2020\/03\/Stadtpost_3P_Paar-1-462x1024.jpg\" alt=\"\" class=\"wp-image-239\" style=\"width:280px;height:620px\" srcset=\"https:\/\/bn-sportfoto.de\/briefmarken\/wp-content\/uploads\/2020\/03\/Stadtpost_3P_Paar-1-462x1024.jpg 462w, https:\/\/bn-sportfoto.de\/briefmarken\/wp-content\/uploads\/2020\/03\/Stadtpost_3P_Paar-1-135x300.jpg 135w, https:\/\/bn-sportfoto.de\/briefmarken\/wp-content\/uploads\/2020\/03\/Stadtpost_3P_Paar-1-768x1701.jpg 768w, https:\/\/bn-sportfoto.de\/briefmarken\/wp-content\/uploads\/2020\/03\/Stadtpost_3P_Paar-1-694x1536.jpg 694w, https:\/\/bn-sportfoto.de\/briefmarken\/wp-content\/uploads\/2020\/03\/Stadtpost_3P_Paar-1.jpg 900w\" sizes=\"auto, (max-width: 462px) 100vw, 462px\" \/><figcaption class=\"wp-element-caption\"> 3 Pfg. gelbrot, gestempelt im Paar.<\/figcaption><\/figure>\n<\/div>\n\n<div class=\"wp-block-image\">\n<figure class=\"aligncenter size-large is-resized\"><img loading=\"lazy\" decoding=\"async\" width=\"229\" height=\"1024\" src=\"https:\/\/bn-sportfoto.de\/briefmarken\/wp-content\/uploads\/2020\/03\/Stadtpost_3Pf_Kehrdruck-scaled-1-229x1024.jpg\" alt=\"\" class=\"wp-image-241\" style=\"width:280px;height:1251px\" srcset=\"https:\/\/bn-sportfoto.de\/briefmarken\/wp-content\/uploads\/2020\/03\/Stadtpost_3Pf_Kehrdruck-scaled-1-229x1024.jpg 229w, https:\/\/bn-sportfoto.de\/briefmarken\/wp-content\/uploads\/2020\/03\/Stadtpost_3Pf_Kehrdruck-scaled-1-67x300.jpg 67w, https:\/\/bn-sportfoto.de\/briefmarken\/wp-content\/uploads\/2020\/03\/Stadtpost_3Pf_Kehrdruck-scaled-1-344x1536.jpg 344w, https:\/\/bn-sportfoto.de\/briefmarken\/wp-content\/uploads\/2020\/03\/Stadtpost_3Pf_Kehrdruck-scaled-1-458x2048.jpg 458w, https:\/\/bn-sportfoto.de\/briefmarken\/wp-content\/uploads\/2020\/03\/Stadtpost_3Pf_Kehrdruck-scaled-1.jpg 573w\" sizes=\"auto, (max-width: 229px) 100vw, 229px\" \/><figcaption class=\"wp-element-caption\"> 3 Pfg. gelbrot im Kehrdruck.<\/figcaption><\/figure>\n<\/div>\n\n\n<p>2 Pfg. und 3 Pfg. Marken erhielten einen andreaskreuzartigen Stempelaufdruck des Namens Gelsenkirchen.<\/p>\n\n\n<div class=\"wp-block-image\">\n<figure class=\"aligncenter size-large is-resized\"><img loading=\"lazy\" decoding=\"async\" width=\"1024\" height=\"715\" src=\"https:\/\/bn-sportfoto.de\/briefmarken\/wp-content\/uploads\/2020\/03\/Stadtpost_2Pf_Aufdruck-1-1024x715.jpg\" alt=\"\" class=\"wp-image-246\" style=\"width:1100px;height:768px\" srcset=\"https:\/\/bn-sportfoto.de\/briefmarken\/wp-content\/uploads\/2020\/03\/Stadtpost_2Pf_Aufdruck-1-1024x715.jpg 1024w, https:\/\/bn-sportfoto.de\/briefmarken\/wp-content\/uploads\/2020\/03\/Stadtpost_2Pf_Aufdruck-1-300x210.jpg 300w, https:\/\/bn-sportfoto.de\/briefmarken\/wp-content\/uploads\/2020\/03\/Stadtpost_2Pf_Aufdruck-1-768x536.jpg 768w, https:\/\/bn-sportfoto.de\/briefmarken\/wp-content\/uploads\/2020\/03\/Stadtpost_2Pf_Aufdruck-1.jpg 1200w\" sizes=\"auto, (max-width: 1024px) 100vw, 1024px\" \/><figcaption class=\"wp-element-caption\">2 Pfg.  graulila mit andreaskreuzartigen Stempelaufdruck &#8222;Gelsenkirchen&#8220; und Kontrollbuchstaben. <\/figcaption><\/figure>\n<\/div>\n\n\n<figure class=\"wp-block-image size-large is-resized\"><img loading=\"lazy\" decoding=\"async\" width=\"1024\" height=\"798\" src=\"https:\/\/bn-sportfoto.de\/briefmarken\/wp-content\/uploads\/2020\/03\/Stadtpost_3Pf_Aufdruck-1-1024x798.jpg\" alt=\"\" class=\"wp-image-244\" style=\"width:1100px;height:857px\" srcset=\"https:\/\/bn-sportfoto.de\/briefmarken\/wp-content\/uploads\/2020\/03\/Stadtpost_3Pf_Aufdruck-1-1024x798.jpg 1024w, https:\/\/bn-sportfoto.de\/briefmarken\/wp-content\/uploads\/2020\/03\/Stadtpost_3Pf_Aufdruck-1-300x234.jpg 300w, https:\/\/bn-sportfoto.de\/briefmarken\/wp-content\/uploads\/2020\/03\/Stadtpost_3Pf_Aufdruck-1-768x598.jpg 768w, https:\/\/bn-sportfoto.de\/briefmarken\/wp-content\/uploads\/2020\/03\/Stadtpost_3Pf_Aufdruck-1.jpg 1200w\" sizes=\"auto, (max-width: 1024px) 100vw, 1024px\" \/><figcaption class=\"wp-element-caption\"> 3 Pfg. gelbrot mit  andreaskreuzartigen Stempelaufdruck &#8222;Gelsenkirchen&#8220; und Kontrollbuchstaben.<\/figcaption><\/figure>\n\n\n\n<p>Sp\u00e4ter wurden alle kreuzweise gestempelten Marken mit einem Kontrollbuchstaben zus\u00e4tzlich gestempelt: C E F G H. Von der gez\u00e4hnten 2 Pfg.-Marke graulila wurde ein Bogen (100 St\u00fcck) in schwarzem Buchdruck, waagerecht, mit dem Ortsnamen Gelsenkirchen \u00fcberdruckt. Eine Rarit\u00e4t.<\/p>\n\n\n\n<p>Irrt\u00fcmlich in den Briefk\u00e4sten der Reichspost eingeworfene Karten und Briefe wurden nicht bef\u00f6rdert und nach einer Lagerzeit vernichtet.<\/p>\n\n\n\n<p>Die letzte Nachricht \u00fcber die Privat-Brief-Bef\u00f6rderungsanstalt Gelsenkirchen stand am 23. Februar 1898 in der Emscher-Zeitung:<\/p>\n\n\n<div class=\"wp-block-image\">\n<figure class=\"aligncenter size-large is-resized\"><img loading=\"lazy\" decoding=\"async\" width=\"1024\" height=\"219\" src=\"https:\/\/bn-sportfoto.de\/briefmarken\/wp-content\/uploads\/2020\/02\/Stadtpost_Emscher-Zeitung-1-1024x219.jpg\" alt=\"\" class=\"wp-image-210\" style=\"width:512px;height:110px\" srcset=\"https:\/\/bn-sportfoto.de\/briefmarken\/wp-content\/uploads\/2020\/02\/Stadtpost_Emscher-Zeitung-1-1024x219.jpg 1024w, https:\/\/bn-sportfoto.de\/briefmarken\/wp-content\/uploads\/2020\/02\/Stadtpost_Emscher-Zeitung-1-300x64.jpg 300w, https:\/\/bn-sportfoto.de\/briefmarken\/wp-content\/uploads\/2020\/02\/Stadtpost_Emscher-Zeitung-1-768x164.jpg 768w, https:\/\/bn-sportfoto.de\/briefmarken\/wp-content\/uploads\/2020\/02\/Stadtpost_Emscher-Zeitung-1-1536x328.jpg 1536w, https:\/\/bn-sportfoto.de\/briefmarken\/wp-content\/uploads\/2020\/02\/Stadtpost_Emscher-Zeitung-1-2048x438.jpg 2048w\" sizes=\"auto, (max-width: 1024px) 100vw, 1024px\" \/><\/figure>\n<\/div>","protected":false},"excerpt":{"rendered":"<p>Privatposten hat es immer schon gegeben. Sie sind \u00e4lter als die amtlichen Postanstalten, welche sich die Herrscher dieser Welt sp\u00e4ter<\/p>\n","protected":false},"author":1,"featured_media":0,"parent":78,"menu_order":0,"comment_status":"closed","ping_status":"closed","template":"","meta":{"footnotes":""},"class_list":["post-198","page","type-page","status-publish","hentry"],"_links":{"self":[{"href":"https:\/\/bn-sportfoto.de\/briefmarken\/wp-json\/wp\/v2\/pages\/198","targetHints":{"allow":["GET"]}}],"collection":[{"href":"https:\/\/bn-sportfoto.de\/briefmarken\/wp-json\/wp\/v2\/pages"}],"about":[{"href":"https:\/\/bn-sportfoto.de\/briefmarken\/wp-json\/wp\/v2\/types\/page"}],"author":[{"embeddable":true,"href":"https:\/\/bn-sportfoto.de\/briefmarken\/wp-json\/wp\/v2\/users\/1"}],"replies":[{"embeddable":true,"href":"https:\/\/bn-sportfoto.de\/briefmarken\/wp-json\/wp\/v2\/comments?post=198"}],"version-history":[{"count":2,"href":"https:\/\/bn-sportfoto.de\/briefmarken\/wp-json\/wp\/v2\/pages\/198\/revisions"}],"predecessor-version":[{"id":847,"href":"https:\/\/bn-sportfoto.de\/briefmarken\/wp-json\/wp\/v2\/pages\/198\/revisions\/847"}],"up":[{"embeddable":true,"href":"https:\/\/bn-sportfoto.de\/briefmarken\/wp-json\/wp\/v2\/pages\/78"}],"wp:attachment":[{"href":"https:\/\/bn-sportfoto.de\/briefmarken\/wp-json\/wp\/v2\/media?parent=198"}],"curies":[{"name":"wp","href":"https:\/\/api.w.org\/{rel}","templated":true}]}}