{"id":173,"date":"2020-02-02T20:13:02","date_gmt":"2020-02-02T19:13:02","guid":{"rendered":"https:\/\/bn-sportfoto.de\/briefmarken\/?page_id=173"},"modified":"2026-02-13T20:12:07","modified_gmt":"2026-02-13T19:12:07","slug":"1976-die-ausstellung-geposta-76","status":"publish","type":"page","link":"https:\/\/bn-sportfoto.de\/briefmarken\/1976-die-ausstellung-geposta-76\/","title":{"rendered":"1976: Die Ausstellung \u201eGeposta 76\u201c"},"content":{"rendered":"\n<p>Zum 10-J\u00e4hrigen Bestehen des Vereins wurde die \u201eGeposta 76\u201c, die erste Gelsenkirchener Postwertzeichenausstellung im Rang III veranstaltet. Am 25. und 26. September 1976 zeigten 64 Aussteller aus dem ganzen Bundesgebiet ihre Sammlungen in 272 Ausstellungsrahmen im Hans-Sachs-Haus. Darunter waren 41 Exponate der Senioren in sechs Wettbewerbsklassen sowie 23 der Jugendklasse.<\/p>\n\n\n\n<figure class=\"wp-block-image size-large\"><img loading=\"lazy\" decoding=\"async\" width=\"1024\" height=\"784\" src=\"https:\/\/bn-sportfoto.de\/briefmarken\/wp-content\/uploads\/2020\/02\/1976_Geposta-1-1024x784.jpg\" alt=\"\" class=\"wp-image-175\" srcset=\"https:\/\/bn-sportfoto.de\/briefmarken\/wp-content\/uploads\/2020\/02\/1976_Geposta-1-1024x784.jpg 1024w, https:\/\/bn-sportfoto.de\/briefmarken\/wp-content\/uploads\/2020\/02\/1976_Geposta-1-300x230.jpg 300w, https:\/\/bn-sportfoto.de\/briefmarken\/wp-content\/uploads\/2020\/02\/1976_Geposta-1-768x588.jpg 768w, https:\/\/bn-sportfoto.de\/briefmarken\/wp-content\/uploads\/2020\/02\/1976_Geposta-1.jpg 1416w\" sizes=\"auto, (max-width: 1024px) 100vw, 1024px\" \/><figcaption class=\"wp-element-caption\">Gro\u00dfer Andrang an den Tauschtischen w\u00e4hrend der \u201eGeposta 76\u201c. Foto: Vereinsarchiv<\/figcaption><\/figure>\n\n\n\n<p>Ebenfalls gab es wieder einen Sonderstempel. Die Bundespost war an beiden Tagen mit einem Sonderpostamt vertreten, ebenso zahlreiche H\u00e4ndler. Erstmals beteiligte sich die am 15. M\u00e4rz 1976 von Wilhelm Nickel ins Leben gerufene Jugendgruppe an einer Gro\u00dfveranstaltung des Vereins. Alle Jugendlichen Besucher hatten bei der \u201eGeposta 76\u201c \u00fcbrigens freien Eintritt.<\/p>\n\n\n<div class=\"wp-block-image\">\n<figure class=\"aligncenter size-large\"><img loading=\"lazy\" decoding=\"async\" width=\"709\" height=\"531\" src=\"https:\/\/bn-sportfoto.de\/briefmarken\/wp-content\/uploads\/2020\/02\/1976_Stempel-1.jpg\" alt=\"\" class=\"wp-image-174\" srcset=\"https:\/\/bn-sportfoto.de\/briefmarken\/wp-content\/uploads\/2020\/02\/1976_Stempel-1.jpg 709w, https:\/\/bn-sportfoto.de\/briefmarken\/wp-content\/uploads\/2020\/02\/1976_Stempel-1-300x225.jpg 300w\" sizes=\"auto, (max-width: 709px) 100vw, 709px\" \/><figcaption class=\"wp-element-caption\">Der Sonderstempel zum 10. Geburtstag des Vereins. Foto: Vereinsarchiv <\/figcaption><\/figure>\n<\/div>\n\n\n<p><\/p>\n","protected":false},"excerpt":{"rendered":"<p>Zum 10-J\u00e4hrigen Bestehen des Vereins wurde die \u201eGeposta 76\u201c, die erste Gelsenkirchener Postwertzeichenausstellung im Rang III veranstaltet. Am 25. und<\/p>\n","protected":false},"author":1,"featured_media":0,"parent":0,"menu_order":0,"comment_status":"closed","ping_status":"closed","template":"","meta":{"footnotes":""},"class_list":["post-173","page","type-page","status-publish","hentry"],"_links":{"self":[{"href":"https:\/\/bn-sportfoto.de\/briefmarken\/wp-json\/wp\/v2\/pages\/173","targetHints":{"allow":["GET"]}}],"collection":[{"href":"https:\/\/bn-sportfoto.de\/briefmarken\/wp-json\/wp\/v2\/pages"}],"about":[{"href":"https:\/\/bn-sportfoto.de\/briefmarken\/wp-json\/wp\/v2\/types\/page"}],"author":[{"embeddable":true,"href":"https:\/\/bn-sportfoto.de\/briefmarken\/wp-json\/wp\/v2\/users\/1"}],"replies":[{"embeddable":true,"href":"https:\/\/bn-sportfoto.de\/briefmarken\/wp-json\/wp\/v2\/comments?post=173"}],"version-history":[{"count":1,"href":"https:\/\/bn-sportfoto.de\/briefmarken\/wp-json\/wp\/v2\/pages\/173\/revisions"}],"predecessor-version":[{"id":840,"href":"https:\/\/bn-sportfoto.de\/briefmarken\/wp-json\/wp\/v2\/pages\/173\/revisions\/840"}],"wp:attachment":[{"href":"https:\/\/bn-sportfoto.de\/briefmarken\/wp-json\/wp\/v2\/media?parent=173"}],"curies":[{"name":"wp","href":"https:\/\/api.w.org\/{rel}","templated":true}]}}